{"id":481,"date":"2023-10-24T11:50:19","date_gmt":"2023-10-24T09:50:19","guid":{"rendered":"https:\/\/autocarrozzeriastilauto.it\/?page_id=481"},"modified":"2025-11-18T18:38:13","modified_gmt":"2025-11-18T17:38:13","slug":"privacy-policy","status":"publish","type":"page","link":"https:\/\/autocarrozzeriastilauto.it\/index.php\/privacy-policy\/","title":{"rendered":"Privacy Policy"},"content":{"rendered":"\n<h2 class=\"wp-block-heading\">Privacy Policy<\/h2>\n\n\n\n<p>Gentile Utente, ti ringraziamo per aver visitato il nostro sito.<br>Nel prosieguo della pagina ti descriviamo le modalit\u00e0 di gestione del sito in riferimento al trattamento dei dati personali degli utenti che lo consultano.<\/p>\n\n\n\n<p><strong>PERCH\u00c8 QUESTO AVVISO<\/strong><\/p>\n\n\n\n<p>Si tratta di un\u2019informativa resa anche ai sensi dell\u2019art. 13 del D.lgs. n. 196\/03 (Codice in materia di protezione dei dati personali) e art. 13 e 14 del Regolamento Europeo 679\/2016 (di seguito anche \u201cGDPR\u201d) a coloro che interagiscono con i servizi web direttamente forniti dalla Societ\u00e0.<br>L\u2019informativa \u00e8 resa per il presente sito e non anche per altri siti web eventualmente consultati dall\u2019utente tramite link. L\u2019informativa si ispira alla raccomandazione n. 2\/2001 che le autorit\u00e0 europee per la protezione dei dati personali, riunite nel Gruppo istituito dall\u2019art. 29 della direttiva n. 95\/46\/CE, hanno adottato il 17 maggio 2001 per individuare alcuni requisiti minimi per la raccolta di dati personali on-line, e, in particolare, le modalit\u00e0, i tempi e la natura delle informazioni che i titolari del trattamento devono fornire agli utenti quando questi si collegano a pagine web, indipendentemente dagli scopi del collegamento. Ti invitiamo quindi a prendere visione della nostra Politica di Privacy, di seguito illustrata.<br>La Politica e gli Standard di Privacy utilizzati per la protezione dei dati personali sono fondati sui seguenti principi:<\/p>\n\n\n\n<ul class=\"wp-block-list\">\n<li><strong>TITOLARE DEL TRATTAMENTO<\/strong>. Il titolare del trattamento dati \u00e8 la Societ\u00e0 in cui riferimenti sono indicati nel footer del presente sito.<\/li>\n\n\n\n<li><strong>PRINCIPIO DI RESPONSABILIT\u00c0<\/strong>. Il trattamento di dati personali \u00e8 gestito nel tempo da responsabili individuati all\u2019interno dell\u2019organizzazione aziendale.<\/li>\n\n\n\n<li><strong>PRINCIPIO DI TRASPARENZA<\/strong>. I dati personali sono raccolti e successivamente trattati secondo i principi espressi nella presente Policy Privacy. Al momento dell\u2019eventuale conferimento dei dati viene fornita all\u2019interessato un\u2019informativa, sintetica ma completa, secondo quanto previsto dall\u2019art. 13 del D.lgs. n. 196\/03 e dall\u2019art. 13 e 14 del GDPR.<\/li>\n\n\n\n<li><strong>PRINCIPIO DI PERTINENZA DELLA RACCOLTA<\/strong>. I dati personali sono trattati in modo lecito e secondo correttezza; sono registrati per scopi determinati, espliciti e legittimi; sono pertinenti e non eccedenti le finalit\u00e0 del trattamento; sono conservati per il tempo necessario agli scopi della raccolta.<\/li>\n\n\n\n<li><strong>PRINCIPIO DI FINALIT\u00c0 DELL\u2019UTILIZZO<\/strong>. Le finalit\u00e0 del trattamento dei dati personali sono rese note agli interessati al momento della raccolta. Eventuali nuovi trattamenti di dati, se estranei agli scopi dichiarati, sono attivati previa nuova informativa all\u2019interessato ed eventuale richiesta di consenso, quando richiesto dal D.lgs. n. 196\/03 e dal GDPR. In ogni caso, i dati personali non sono comunicati a terzi o diffusi senza il preventivo consenso dell\u2019interessato, salvo nei casi espressamente indicati dall\u2019art. 24 del D.lgs. n.196\/03 e dal GDPR.<\/li>\n\n\n\n<li><strong>PRINCIPIO DI VERIFICABILIT\u00c0<\/strong>. I dati personali sono esatti ed aggiornati nel tempo. Sono altres\u00ec organizzati e conservati in modo che sia data all\u2019interessato la possibilit\u00e0 di conoscere, se lo desidera, quali dati sono stati raccolti e registrati, nonch\u00e8 di controllarne la qualit\u00e0 e richiederne l\u2019eventuale correzione, integrazione, cancellazione per violazione di legge od opposizione al trattamento e di esercitare tutti gli altri diritti, ai sensi e nei limiti dell\u2019art. 7 del D.lgs. n. 196\/03 e art. 15 e ss. del GDPR, presso gli indirizzi indicati nelle Informative ex art. 13 del D.lgs. n. 196\/03 e ex art. 13 e 14 del GDPR presenti nel sito della Societ\u00e0<\/li>\n\n\n\n<li><strong>PRINCIPIO DI SICUREZZA<\/strong>. I dati personali sono protetti da misure di sicurezza tecniche, informatiche, organizzative, logistiche e procedurali, contro i rischi di distruzione o perdita, anche accidentale, e di accesso non autorizzato o di trattamento non consentito.<\/li>\n<\/ul>\n\n\n\n<p>Tali misure sono aggiornate periodicamente in base al progresso tecnico, alla natura dei dati e alle specifiche caratteristiche del trattamento, controllate costantemente e verificate nel tempo. Le terze parti che svolgono attivit\u00e0 di supporto di qualsiasi tipo per l\u2019erogazione dei servizi richiesti da parte della Societ\u00e0, in relazione ai quali eseguono operazioni di trattamento di dati personali, sono da quest\u2019ultime designate Responsabili del Trattamento e sono contrattualmente vincolate al rispetto delle misure per la sicurezza e la riservatezza dei trattamenti. L\u2019identit\u00e0 di dette terze parti \u00e8 resa nota agli utenti.<\/p>\n\n\n\n<p>La Societ\u00e0 non si assume inoltre alcuna responsabilit\u00e0 su:<\/p>\n\n\n\n<ul class=\"wp-block-list\">\n<li>le regole e modalit\u00e0 di gestione dei dati personali di altri siti Web, raggiungibili dalle nostre pagine attraverso collegamenti e rimandi;<\/li>\n\n\n\n<li>i contenuti di eventuali servizi di e-mail, spazi Web, chat forum forniti agli utenti.<\/li>\n<\/ul>\n\n\n\n<p>I trattamenti connessi ai servizi web offerti da questo sito hanno luogo presso la Societ\u00e0, ed eventualmente presso le sedi dei Responsabili del Trattamento e sono curati da incaricati del trattamento preposti alla gestione dei servizi richiesti, alle attivit\u00e0 di marketing \u2013 ove richieste dall\u2019utente \u2013 alle attivit\u00e0 di conservazione dati e di occasionali operazioni di manutenzione.<\/p>\n\n\n\n<p><strong>AMBITO DI COMUNICAZIONE DEI DATI<\/strong><\/p>\n\n\n\n<p>I dati personali conferiti potranno essere comunicati a terzi soggetti per adempiere ad obblighi di legge, in esecuzione di ordini provenienti da pubbliche autorit\u00e0 a ci\u00f2 legittimate ovvero ancora per fare valere o difendere un diritto in sede giudiziaria. Se necessario in relazione a particolari servizi o prodotti richiesti, i dati personali potranno essere comunicati a terzi soggetti che svolgono, in qualit\u00e0 di autonomi titolari del trattamento, funzioni strettamente connesse e strumentali alla prestazione dei servizi o fornitura dei prodotti. Senza la comunicazione, questi servizi e prodotti non potrebbero essere forniti. I dati personali non saranno diffusi, salvo che il servizio richiesto lo richieda:<\/p>\n\n\n\n<p><strong>DATI FORNITI VOLONTARIAMENTE DALL\u2019UTENTE<\/strong><\/p>\n\n\n\n<p>Le tipologie di dati personali raccolti e trattati nel presente sito sono quelle necessarie alla erogazione dei vari servizi forniti. I dati raccolti sono trattati con modalit\u00e0 cartacee, automatizzate e telematiche e con logiche strettamente correlate alle finalit\u00e0 del trattamento. Per offrirti i servizi potranno essere utilizzati anche il tuo numero di telefono il tuo indirizzo e-mail. E\u2019 quindi evidente che, qualora tali dati non fossero conferiti, non ti potranno essere forniti quei servizi che richiedono l\u2019uso di questi strumenti. L\u2019eventuale invio volontario di posta elettronica agli indirizzi indicati nel sito comporta l\u2019acquisizione dell\u2019indirizzo del mittente nonch\u00e8 di eventuali altre informazioni contenute nel messaggio; tali dati personali saranno utilizzati al solo fine di eseguire il servizio o la prestazione richiesta.<\/p>\n\n\n\n<p><strong>DATI DI NAVIGAZIONE<\/strong><\/p>\n\n\n\n<p>\u00c8 utile conoscere che le procedure software del sito acquisiscono, nel corso del loro normale esercizio, alcuni dati personali la cui trasmissione \u00e8 implicita nell\u2019uso dei protocolli di comunicazione di internet. Pur essendo informazioni non destinate ad essere associate a utenti identificati, per loro natura, se associate ad altri dati detenuti da terzi (ad es. il suo internet service provider), potrebbero permettere l\u2019identificazione degli utenti. In questa categoria di dati rientrano gli indirizzi IP o i nomi a dominio dei computer utilizzati dagli utenti che si connettono al sito, gli indirizzi in notazione URL (Uniform Resource Locator) delle risorse richieste, l\u2019orario della richiesta, il metodo utilizzato nel sottoporre la richiesta al server, la dimensione del file ottenuto in risposta, il codice numerico indicante lo stato della risposta data dal server (buon fine, errore, ecc.) ed altri parametri relativi al sistema operativo e all\u2019ambiente informatico dell\u2019utente. Questi dati sono utilizzati ai soli fini di statistiche anonime sull\u2019uso del sito e per controllarne il corretto funzionamento. Il Titolare del trattamento e, a seconda del servizio richiesto, i Responsabili designati conservano, per un periodo limitato secondo le norme di legge, il tracciato (LOG) delle connessioni\/navigazioni effettuate per rispondere alle eventuali richieste provenienti dall\u2019autorit\u00e0 giudiziaria o da altro organo pubblico legittimato a richiedere detto tracciato per l\u2019accertamento di eventuali responsabilit\u00e0 in caso di reati informatici.<br>A parte quanto specificato per i dati di navigazione, l\u2019utente \u00e8 libero di conferire o meno i dati personali richiesti nel form di registrazione ai servizi. Su tale form peraltro alcuni dati possono essere contrassegnati come obbligatori; si deve intendere che tali dati sono necessari per l\u2019erogazione del servizio richiesto. Qualora non vengano conferiti questi dati il servizio richiesto non potr\u00e0 essere erogato.<br>Al momento dell\u2019eventuale conferimento dei dati, secondo quanto previsto dall\u2019art. 13 del D.lgs. n. 196\/03 e dagli art. 13 e 14 del GDPR, viene fornita all\u2019interessato un\u2019informativa, sintetica ma completa e trasparente, sulle finalit\u00e0 e modalit\u00e0 dei trattamenti, sul carattere obbligatorio o facoltativo del conferimento dei dati, sulle conseguenze del mancato conferimento, sui soggetti o sulle categorie di soggetti cui i dati personali possono essere comunicati e l\u2019ambito di diffusione dei dati medesimi, sui diritti di cui all\u2019art. 7 del D.lgs. n. 196\/03 e art. 15 e ss del GDPR (accesso, integrazione, aggiornamento, correzione, cancellazione per violazione di legge, opposizione al trattamento, ecc.), sull\u2019identit\u00e0 e sulla sede del Titolare e dei Responsabili del Trattamento. L\u2019interessato \u00e8 quindi chiamato ad esprimere il suo consenso informato, libero, espresso in forma specifica e documentato nella forma prevista dalla legge, ove richiesto dalla medesima. Qualora i conferimenti di dati personali avvengano in fasi successive, potranno essere fornite integrazioni alle informative gi\u00e0 rese in precedenza e richiesti nuovi consensi al trattamento disposti dal Codice Privacy e dal GDPR:<\/p>\n\n\n\n<p><strong>MISURE DI SICUREZZA ADOTTATE PER LA TUTELA DEI DATI RACCOLTI<\/strong><\/p>\n\n\n\n<p>La Societ\u00e0 utilizza architetture e tecnologie \u201csicure\u201d per proteggere i dati personali contro l\u2019indebita divulgazione, alterazione od uso improprio. Le protezioni attivate nei confronti dei dati personali si propongono, in particolare, di ridurre al minimo i rischi di distruzione o di perdita, anche accidentale, dei dati, di accesso non autorizzato o di trattamento non consentito o non conforme alle finalit\u00e0 della raccolta. Dette misure di sicurezza rispondono ovviamente ai requisiti minimi indicati dal Legislatore (Disciplinare Tecnico in materia di misure minime di sicurezza di cui agli artt. da 33 a 36 del D.lgs. n. 196\/03). I soggetti cui si riferiscono i dati personali hanno il diritto in qualunque momento di ottenere la conferma dell\u2019esistenza o meno dei medesimi dati e di conoscerne il contenuto e l\u2019origine, verificarne l\u2019esattezza o chiederne l\u2019integrazione o l\u2019aggiornamento, oppure la rettificazione (art. 7 del D.lgs. n. 196\/03 e art. 16 del GDPR). Ai sensi del medesimo articolo l\u2019interessato ha il diritto di chiedere la cancellazione, la trasformazione in forma anonima o il blocco dei dati trattati in violazione di legge, nonch\u00e8 di opporsi in ogni caso, per motivi legittimi, al loro trattamento. Le richieste vanno rivolte ai recapiti della Societ\u00e0 indicati nel footer del sito.<\/p>\n\n\n\n<p><\/p>\n","protected":false},"excerpt":{"rendered":"<p>Privacy Policy Gentile Utente, ti ringraziamo per aver visitato il nostro sito.Nel prosieguo della pagina [&hellip;]<\/p>\n","protected":false},"author":1,"featured_media":0,"parent":0,"menu_order":0,"comment_status":"closed","ping_status":"closed","template":"page-no-title","meta":{"footnotes":""},"class_list":["post-481","page","type-page","status-publish","hentry"],"_links":{"self":[{"href":"https:\/\/autocarrozzeriastilauto.it\/index.php\/wp-json\/wp\/v2\/pages\/481","targetHints":{"allow":["GET"]}}],"collection":[{"href":"https:\/\/autocarrozzeriastilauto.it\/index.php\/wp-json\/wp\/v2\/pages"}],"about":[{"href":"https:\/\/autocarrozzeriastilauto.it\/index.php\/wp-json\/wp\/v2\/types\/page"}],"author":[{"embeddable":true,"href":"https:\/\/autocarrozzeriastilauto.it\/index.php\/wp-json\/wp\/v2\/users\/1"}],"replies":[{"embeddable":true,"href":"https:\/\/autocarrozzeriastilauto.it\/index.php\/wp-json\/wp\/v2\/comments?post=481"}],"version-history":[{"count":3,"href":"https:\/\/autocarrozzeriastilauto.it\/index.php\/wp-json\/wp\/v2\/pages\/481\/revisions"}],"predecessor-version":[{"id":510,"href":"https:\/\/autocarrozzeriastilauto.it\/index.php\/wp-json\/wp\/v2\/pages\/481\/revisions\/510"}],"wp:attachment":[{"href":"https:\/\/autocarrozzeriastilauto.it\/index.php\/wp-json\/wp\/v2\/media?parent=481"}],"curies":[{"name":"wp","href":"https:\/\/api.w.org\/{rel}","templated":true}]}}